72481
List the prime factors of 127598339.
11, 11599849
What are the prime factors of 16117707?
3, 29, 229, 809
What are the prime factors of 2213537877?
3, 103, 2387851
List the prime factors of 41245246.
2, 7, 2946089
What are the prime factors of 508318178?
2, 254159089
List the prime factors of 585012312.
2, 3, 1459, 5569
What are the prime factors of 3919866122?
2, 71, 27604691
What are the prime factors of 267010363?
19, 14053177
List the prime factors of 78164613.
3, 19, 199, 2297
List the prime factors of 881676221.
317, 2781313
List the prime factors of 51532970.
2, 5, 347, 14851
What are the prime factors of 90250950?
2, 3, 5, 19, 31667
List the prime factors of 156534396.
2, 3, 991, 13163
List the prime factors of 192011059.
29, 6621071
List the prime factors of 147658218.
2, 3, 67, 367309
List the prime factors of 29119703.
37, 127, 6197
What are the prime factors of 24337083?
3, 37, 233, 941
List the prime factors of 52269985.
5, 17, 61, 593
List the prime factors of 570429018.
2, 3, 31690501
What are the prime factors of 5319611098?
2, 31, 43, 1995353
What are the prime factors of 160148918?
2, 619, 129361
What are the prime factors of 130321038?
2, 3, 19, 1143167
What are the prime factors of 960615499?
809, 1187411
List the prime factors of 3390835507.
3390835507
What are the prime factors of 8955603?
3, 110563
List the prime factors of 59375558.
2, 11, 23, 271, 433
List the prime factors of 421098874.
2, 7, 17, 1769323
What are the prime factors of 220907667?
3, 2521, 29209
List the prime factors of 110256352.
2, 3445511
List the prime factors of 123724690.
2, 5, 12372469
What are the prime factors of 20703669?
3, 7, 797, 1237
List the prime factors of 1791265340.
2, 5, 223, 401629
List the prime factors of 9456458.
2, 11, 79, 5441
List the prime factors of 472904056.
2, 1621, 36467
What are the prime factors of 21644020?
2, 5, 61, 113, 157
What are the prime factors of 50577830?
2, 5, 107, 47269
List the prime factors of 116758828.
2, 37, 73, 101, 107
What are the prime factors of 1249205975?
5, 49968239
List the prime factors of 387058607.
13, 29773739
List the prime factors of 30372434.
2, 47, 103, 3137
What are the prime factors of 75096620?
2, 5, 569, 6599
List the prime factors of 2190118206.
2, 3, 11717, 31153
List the prime factors of 8697238468.
2, 6173, 352229
What are the prime factors of 29783261?
29, 37, 41, 677
List the prime factors of 341025932.
2, 13, 1031, 6361
List the prime factors of 18694772.
2, 4673693
What are the prime factors of 6191554538?
2, 13, 1931, 123323
List the prime factors of 1756929234.
2, 3, 292821539
What are the prime factors of 240113033?
1277, 188029
What are the prime factors of 368044218?
2, 3, 3617, 5653
What are the prime factors of 81146208?
2, 3, 11, 13, 23, 257
List the prime factors of 1488471513.
3, 496157171
What are the prime factors of 251501794?
2, 47, 97, 27583
What are the prime factors of 79545819?
3, 37, 716629
List the prime factors of 1064836740.
2, 3, 5, 11, 61, 26449
What are the prime factors of 4541506652?
2, 163, 251, 27751
What are the prime factors of 822505101?
3, 11, 17, 389, 3769
What are the prime factors of 172936462?
2, 617, 140143
List the prime factors of 56382890.
2, 5, 23, 43, 5701
List the prime factors of 41732526.
2, 3, 11, 139, 4549
List the prime factors of 200654713.
7, 28664959
What are the prime factors of 42277371?
3, 14092457
List the prime factors of 8837577553.
7, 2557, 493747
What are the prime factors of 103682484?
2, 3, 73, 13151
What are the prime factors of 614678854?
2, 37, 8306471
What are the prime factors of 8313485?
5, 1662697
What are the prime factors of 1087104245?
5, 9043, 24043
What are the prime factors of 43440824?
2, 7, 775729
What are the prime factors of 53005381?
11, 13, 31, 1087
List the prime factors of 247170143.
11, 1571, 14303
What are the prime factors of 211894494?
2, 3, 7, 17, 296771
List the prime factors of 3217176464.
2, 201073529
What are the prime factors of 1622203164?
2, 3, 1019, 44221
What are the prime factors of 638247071?
7, 11, 8288923
What are the prime factors of 16444770?
2, 3, 5, 23, 23833
What are the prime factors of 47671876?
2, 7, 17, 100151
List the prime factors of 11717487.
3, 433981
List the prime factors of 28108314.
2, 3, 13, 120121
List the prime factors of 2656401580.
2, 5, 7, 18974297
What are the prime factors of 149087103?
3, 11, 4517791
List the prime factors of 179568565.
5, 11, 59, 55337
List the prime factors of 1650274223.
13, 89, 881, 1619
What are the prime factors of 86807140?
2, 5, 7, 620051
What are the prime factors of 6759260650?
2, 5, 135185213
What are the prime factors of 578942910?
2, 3, 5, 7, 13, 23563
List the prime factors of 2935082611.
2935082611
What are the prime factors of 484925906?
2, 4987, 48619
List the prime factors of 279857246.
2, 2137, 65479
What are the prime factors of 27756400?
2, 5, 7, 23, 431
What are the prime factors of 1604619380?
2, 5, 7, 13, 23, 38333
List the prime factors of 8030854246.
2, 73, 55005851
List the prime factors of 990285757.
19, 52120303
List the prime factors of 100992611.
251, 402361
What are the prime factors of 425149897?
425149897
List the prime factors of 22526591.
23, 29, 33773
What are the prime factors of 73056740?
2, 5, 23, 241, 659
What are the prime factors of 73321310?
2, 5, 7332131
List the prime factors of 158431936.
2, 13, 109, 1747
What are the prime factors of 3418497423?
3, 11, 19, 1817383
What are the prime factors of 154121302?
2, 107, 720193
What are the prime factors of 312576018?
2, 3, 52096003
What are the prime factors of 875671481?
41, 251, 85091
List the prime factors of 29889892.
2, 953, 7841
What are the prime factors of 62061437?
5711, 10867
List the prime factors of 1380970472.
2, 7, 271, 90997
What are the prime factors of 58412699?
29, 2014231
What are the prime factors of 104020196?
2, 7, 307, 12101
List the prime factors of 106151689.
7, 17, 19, 353
What are the prime factors of 579341183?
579341183
List the prime factors of 2127547.
1319, 1613
List the prime factors of 78477343.
7, 2341, 4789
List the prime factors of 1598597363.
11, 17, 29, 294781
What are the prime factors of 28830223?
47, 181, 3389
List the prime factors of 3106540360.
2, 5, 7, 11, 1008617
What are the prime factors of 19213240?
2, 5, 151, 3181
List the prime factors of 224374900.
2, 5, 31, 72379
What are the prime factors of 2411228?
2, 23, 26209
List the prime factors of 15190279.
13, 31, 37693
List the prime factors of 56928917.
1871, 30427
What are the prime factors of 10394022?
2, 3, 23, 109, 691
What are the prime factors of 758206822?
2, 23, 797, 20681
List the prime factors of 507009396.
2, 3, 42250783
List the prime factors of 33518412.
2, 3, 931067
List the prime factors of 837514481.
9187, 91163
List the prime factors of 42785364.
2, 3, 3565447
List the prime factors of 312708479.
19, 29, 567529
List the prime factors of 488161447.
1777, 274711
List the prime factors of 1381020270.
2, 3, 5, 7, 47, 139921
What are the prime factors of 48760214?
2, 24380107
List the prime factors of 12151044.
2, 3, 337529
What are the prime factors of 395068322?
2, 11, 1693, 10607
List the prime factors of 1581816395.
5, 316363279
List the prime factors of 791095274.
2, 251, 1575887
What are the prime factors of 265633413?
3, 521, 169951
What are the prime factors of 287265702?
2, 3, 683, 70099
List the prime factors of 620805860.
2, 5, 31040293
What are the prime factors of 53874731?
613, 87887
List the prime factors of 192654856.
2, 37, 650861
What are the prime factors of 190069645?
5, 41, 47, 19727
List the prime factors of 47832196.
2, 19, 629371
What are the prime factors of 16519687?
601, 27487
What are the prime factors of 28444481?
13, 2188037
What are the prime factors of 1056480416?
2, 43, 131, 5861
List the prime factors of 131034132.
2, 3, 109, 11131
What are the prime factors of 443370015?
3, 5, 11, 107, 761
List the prime factors of 381230333.
11, 34657303
List the prime factors of 228424790.
2, 5, 11, 733, 2833
What are the prime factors of 95299526?
2, 7, 709, 9601
List the prime factors of 6759955691.
23, 10321, 28477
What are the prime factors of 220392805?
5, 83, 151, 3517
What are the prime factors 